0) + -107 + (-2 - -54).
-83
Evaluate (181 - 151) + (-81 - 7).
-58
What is the value of 7 + 1 + (-15 - (-20 - (4 + -21)))?
-4
What is the value of -22 - (74 + -57 + 2)?
-41
-137 + (9 - -14) + -2
-116
Evaluate 13 + ((-12 - -26) + -25 - 8) - 14.
-20
Evaluate 24 + -33 + 22 + (9 - 97) + 3 + 0.
-72
(-43 - -126) + 10 + (5 - 7)
91
What is the value of 66 + (-18 - 31) + 19?
36
Calculate (2 - (82 + -21 + 13)) + -17.
-89
What is (-8 - -13 - 7) + 26 - 102?
-78
Evaluate 196 + -228 - ((-5 - (-1 - 1)) + (7 - 3)).
-33
Calculate (-8 + 20 - (9 + -8 + 29)) + -7.
-25
What is (-12 + 10 + -11 + 17 - 18 - -120) + 13?
119
What is 24 + 2 + -66 + 75?
35
-48 + -42 + 4 + 25 + 10
-51
Calculate (-12 - (-12 - -26 - 4 - 5)) + 49.
32
Calculate (0 - 0 - -18) + 12969 + -12955.
32
-100 - (-27 + 58 + -42)
-89
What is (-136 - (-1 - 8) - -9) + 11 + 0 - -15?
-92
What is -20 - (5 + (-14 - -14) + 0 + -14)?
-11
What is (9 + -22 - (21 + 6 + -9)) + (-2 - -5)?
-28
What is 1 + 12 + (-50 + (-74 - -47) - (-1 + -12))?
-51
What is 86 - 166 - (-6 - 2)?
-72
What is the value of 11 + -11 + 24 + -150 + 24 + 0 + -10?
-112
Calculate -57 + -1 - (-598 - -540).
0
What is the value of (-344 - -265) + (139 - 15)?
45
Evaluate -50 - (-28 + -25) - 82.
-79
What is (-3777 - -3776) + (35 - -2) + (-4 - -2)?
34
Evaluate -51 - (25 + -40 + 18 + 5) - (-5 - -2).
-56
(-4 - -15 - -2) + (-12 - (13 - (122 - 12)))
98
What is the value of (0 - 30) + 13 + -214 + 165?
-66
What is the value of -3 + -40 + 34 + 15 + (-51 - (4 + -2))?
-47
What is the value of -1 + 14 - (-2188 + 2256)?
-55
-49 + (-4 + 43 + -6 - 7)
-23
-1 - 6 - (-797 + 929 + (-3 - 47))
-89
-28 - -89 - (104 - -13)
-56
Evaluate 85 + -206 + (1 - (-5 + 7)) - -19.
-103
Evaluate 87 + -47 - 58 - -11.
-7
Evaluate ((15 - -4) + -14 - -10 - 116) + 14.
-87
What is (75 - ((3 - 21) + -46 + 57)) + 7?
89
Calculate 2 - ((0 - 5) + 13 + -37 + (-9 - -3)).
37
What is 318 + -308 - (-1 + -8) - (-1 + 55)?
-35
Evaluate 27 + 0 + (1 - 3) + (74632 - 74570).
87
What is the value of (14 + (-22 - -79) - 41) + 63?
93
(-7 - -14 - 30 - (24 - 27) - 2) + 2
-20
(10 - (2 + 2)) + (-777 - -776)
5
Calculate 3 + -11 + (-118 - -140) + -96.
-82
What is the value of -3 - (0 - (-23 - -7)) - (4 + -3)?
-20
Evaluate -11 - (-2 + 5 - (56 - (19 - (-13 - -42)))).
52
What is the value of (109 - 18) + (-12 - 12)?
67
What is (-12 + 36 - 32) + (1 - -2) + 3 + 5?
3
What is the value of -34 - (-2 + -9 + 43 + -3)?
-63
Calculate 0 + 0 - (-15 - -2) - (567 - (660 - 94)).
12
Calculate (-6 - (-13 - 8)) + (10 + -1 - (22 - 119)).
121
Calculate -61 - (-22 + 22 - (55 + -33)).
-39
Calculate 12 + (18 - (1 - (-28 - -15))).
16
(42 - 3) + -5 - (1168 - 1205)
71
Evaluate -38 - (51 + -10 + (-337 - -216)).
42
Evaluate (3 - -2) + -76 + (165 - 168).
-74
Calculate 62 + (-42 - -115 - 214).
-79
What is (-18 - -3) + 3 + -24 + 19 + 85?
68
What is 6 + 10 - -34 - 43?
7
Calculate -14 - ((16 - 8) + -35) - (29 - (-3 - 2)).
-21
What is (6 - -28 - 1) + (-1 - 15 - -14) + -12?
19
What is -19 + (-6 - 62) + 83?
-4
2 + 0 + 8 - (-1753 + 1759 + (-2 - 22))
28
What is 4 + -93 + (149 - 14)?
46
Evaluate 1 + -48 + (1 + -9 - (12 - 29)).
-38
What is the value of 7 + (-10 - -19) + (-2 - 5 - 3)?
6
Calculate (1 - 13) + ((9 - -35) + -25 - 20).
-13
What is (1 - -14) + 6 + -5 + -12 - -43?
47
What is (8 - 10) + -4 - -7 - 14 - -4 - 36?
-45
Evaluate -21 + (-9 - (-29 + 15) - -37).
21
Calculate 33 + -1 - (-37 - 109 - -59).
119
Evaluate 1 + 25 + (-62 - -63) + 80.
107
What is (31 - (-9 - 4)) + -3 + 1?
42
Calculate (-72 - (14 - 81)) + (21 - 0) - 36.
-20
Calculate (6 - 4) + -11 + 51 + -7 + -52.
-17
Calculate -6 + -7 + (17 - (18 + -15 + 11)).
-10
15 + 11 + -36 + (-43 - -4)
-49
What is the value of 10 - (17 + 37 - 42)?
-2
Calculate 66 + -69 - (-1 + 11) - -26.
13
26 + (-17 - -7 - 17 - -18) - 10
7
-1 - 15 - ((-116 - -72) + 52)
-24
What is 33 - (-6 - (-8 - -1) - -7) - (25 - 12)?
12
What is (-114 - (40 - 87)) + 121?
54
What is (1 + 3 + -15 + 0 - -6) + (0 - -3)?
-2
What is (2 + -14 - (5 + -21 + (73 - 0))) + -2?
-71
-90 - ((15 - 9) + -46)
-50
What is -66 - ((5 - (-3 + 10)) + -16)?
-48
Calculate 1 + 49 - (-15 + 12) - -3 - (-26 + 22).
60
What is 21 + -80 + 71 + -2 + 2?
12
What is the value of -9 + -36 - (-13 + (-50 - -32))?
-14
Evaluate 152 + (-124 - (-145 - -44)).
129
Evaluate -62 - (28 + -17 + 43 + -31).
-85
What is -27 + 21 - (6 + 3 + (-1 - 2) - 4)?
-8
What is the value of (8 + 6 - 46 - (2 + 9)) + 8 + 9?
-26
What is 119 + -150 + (9 - -9) + 4 - (-44 - 0)?
35
20 - -2 - (-94 + 89)
27
What is 16 + -88 + 3 + (10 + -9 - -10 - 9)?
-67
300 + -153 + -137 + 2
12
1 - 4 - -19 - (614 - 519)
-79
Calculate 9 - (7 + (49 - 14) + -22) - (2 + 117).
-130
Evaluate 45 - (-14 - (-52 - 29)).
-22
Evaluate -21 + (-13 - -36) + -23 + -14.
-35
Evaluate (1 - -36) + -2 + (-7 - ((10 - 16) + 0)).
34
Evaluate -18 + -27 + -16 + 46.
-15
Evaluate -2 + 0 + (3 - (-8 - 17)) + -62.
-36
What is the value of -90 + 109 + (-3 + 6 - 10)?
12
40 + -97 + 106 + -6
43
What is the value of (16 - 35) + -35 + 4 + 13?
-37
What is the value of 1 + (-10 - -1) + 95 + (-312 - -142)?
-83
Calculate (4 - (0 + 2)) + (-39 - -31 - -16) + 21.
31
Calculate (70 - (245 + -116)) + -39.
-98
Evaluate 96 - (-36 - (-57 + 5 + 20)).
100
-20861 + 20872 + (1 - 2) + -13
-3
What is 12 + -26 - (79 - 18 - 1 - -11)?
-85
What is 9 + -34 - -7 - ((13 - -15) + -10)?
-36
(-3 - -26 - (-91 - -109)) + -14
-9
-122 - (-36 + (16 - 44))
-58
Calculate 103 + -111 + (-15 - 14).
-37
(0 - -28) + (4157 - 4147) - 93
-55
What is the value of -14 + 10 + 6 + 14 - (-2 + -41)?
59
20 - (30 - 18) - (6 + (1 - 5))
6
Calculate -5 + -41 + (7 - -16) + 38.
15
Evaluate 51 - 31 - 17 - 10.
-7
What is 5 - (-4 - (-69 - (-35 - (22 - 38))))?
-41
What is the value of -1 + 1 - (1 - 0) - (-126 + 32 + 88)?
5
What is (10 + -25 - (-12 - (-9 + 16 + -10))) + -11?
-17
What is the value of (11 - ((7 - 1) + 80)) + 2 + (6 - -4)?
-63
Evaluate -1 + 2 + 50 - (6 + (-4 - (15 - 23))).
41
What is the value of -29 + 25 - -60 - 110?
-54
Calculate 3 + (24 - 15 - (6 - -1)) - (-149 + 35).
119
-4 + (18 - -4 - 11 - -2) - (-13 - -4)
18
What is -1566 + 1516 + (4 + -1 - (0 - 4))?
-43
What is the value of (-5 - -2) + ((1 - -16) + -71 - -20)?
-37
What is (1 - -44) + 15 + (-4 - 1 - (631 + -614))?
38
What is -246 + 222 + -5 + (-21 - -6)?
-44
What is -114 + -80 + 200 + (-5 - 0)?
1
Evaluate 87 + ((-13 - -8) + 0 - (55 + -63)).
90
What is (112 - 41) + -90 + -67?
-86
Calculate (15 - 2) + -19 + 13 + -47.
-40
Calculate (-19 - (21 + -50) - -8) + (63 - 7).
74
What is the value of 143 - 25 - (44 + 34)?
40
Calculate -9 + 22 - (-413 - -430).
-4
What is the value of -61 + -1 + (-2 - (-10 - -35) - -28)?
-61
What is the value of (2 - -1) + (-25 - -15) + 14 + (-53 - 20)?
-66
Calculate 1 - -35 - (-2863 + 2805).
94
-14 + 1 + (-8 + 21 + 7 - -41)
48
Calculate -3 + 1 - (-2869 - -2878).
-11
Calculate (1 - ((-1 - (10 - 7)) + -3 + 57)) + 7.
-42
What is 56 + (46 - 117) - (-4 - (2 - 62))?
-71
Evaluate -551 - -604 - (-1 - -13).
41
What is (1 - 1) + -4 + (-43 - 1) + -307 + 430?
75
Evaluate (-1 - -11) + (-148 - -125) + 21.
8
Evaluate 94 + -51 + (0 - 62) + 34.
15
Calculate 5 + -4 + 13 - (-5 + 39 + -25).
5
What is the value of 91 + -267 + 263 + (-14 - 3)?
70
What is the value of -12 + (-708 + 713 - (-2 + 30))?
-35
52 + (-6 - (-37 - -58))
25
What is 55 + (102 - 121) - 35?
1
102 - (240 + (-281 - -148))
-5
What is -44 + 158 + -24 + -25 + -1?
64
What is (-23 - (-289 - -59)) + -69?
138
What is 15 + -7 + (9 - (4 + -3 - 5 - -3))?
18
What is ((23 - 8) + 3 - 74) + (-3 - -12)?
-47
Calculate 13 + (15 - (43 - (-17 + 21))) - (-1 - 62).
52
What is 1 - 1 - (2 - (-5 - -3)) - (-443 - -497)?
-58
What is (87 - 79) + -7 + (-2 - 29)?
-30
What is (6 - 1 - (53 + -60 - -1)) + -27 + 1?
-15
What is -26 + (36 - (-40 + 30))?
20
Calculate -66 + (138 - (-22 + 192)).
-98
What is 24 - 1 - (41 - (13 + 15))?
10
What is -60 + 41 + 11 - 31?
-39
What is the value of (52 - -1) + -53 + -87 + 59 + 58?
30
(2 - 25) + (-33 + 99 - -17)
60
14 - (47 + 37 - 39)
-31
Calculate 1 - (113 + -114 + 1 + -9) - -23.
33
What is -24 + 1 - (-7 - (47 + -29 + -18))?
-16
(1 - 82) + -4 - (172 + -74 - 97)
-86
38 + (-33 + -34 - -3)
-26
What is the value of 0 - 24 - ((43 - 28 - 20) + 15 + 0)?
-34
-30 + -14 + 32 - -34 - 19
3
(-87 - -104 - -22) + (-4 - -38)
73
What is -5 + (8 - 3) - (-8 - (-14 + 1 - -7))?
2
Evaluate 3 + (-11 + 10 + 1